{"id":1659,"date":"2025-01-13T13:00:10","date_gmt":"2025-01-13T13:00:10","guid":{"rendered":"https:\/\/k4-gladbeck.de\/?page_id=1659"},"modified":"2025-01-13T13:18:37","modified_gmt":"2025-01-13T13:18:37","slug":"jobs","status":"publish","type":"page","link":"https:\/\/k4-gladbeck.de\/?page_id=1659","title":{"rendered":"FSJ \/ BuFDi"},"content":{"rendered":"\n<p>Du m\u00f6chtest dich im K4 ehrenatmlich engagieren? Das ist gro\u00dfartig! Melde dich gerne bei Hammad Alfares oder Mark Bothe. Du m\u00f6chtest einen Bundesfreiwilligendienst oder ein freiwilliges soziales Jahr absolvieren? Dann bist du bei uns goldrichtig:<\/p>\n\n\n\n<div class=\"wp-block-pdf-viewer-block-standard\" style=\"text-align:left\"><div class=\"uploaded-pdf\"><a href=\"https:\/\/k4-gladbeck.de\/wp-content\/uploads\/2025\/01\/Stellenausschreibung-BUFDI-K4.pdf\" data-width=\"\" data-height=\"\"><\/a><\/div><\/div>\n\n\n\n<p><\/p>\n","protected":false},"excerpt":{"rendered":"<p>Du m\u00f6chtest dich im K4 ehrenatmlich engagieren? Das ist gro\u00dfartig! Melde dich gerne bei Hammad Alfares oder Mark Bothe. Du m\u00f6chtest einen Bundesfreiwilligendienst oder ein freiwilliges soziales Jahr absolvieren? Dann bist du bei uns goldrichtig:<\/p>\n","protected":false},"author":1,"featured_media":0,"parent":0,"menu_order":0,"comment_status":"closed","ping_status":"closed","template":"","meta":{"_eb_attr":"","footnotes":""},"class_list":["post-1659","page","type-page","status-publish","hentry"],"_links":{"self":[{"href":"https:\/\/k4-gladbeck.de\/index.php?rest_route=\/wp\/v2\/pages\/1659","targetHints":{"allow":["GET"]}}],"collection":[{"href":"https:\/\/k4-gladbeck.de\/index.php?rest_route=\/wp\/v2\/pages"}],"about":[{"href":"https:\/\/k4-gladbeck.de\/index.php?rest_route=\/wp\/v2\/types\/page"}],"author":[{"embeddable":true,"href":"https:\/\/k4-gladbeck.de\/index.php?rest_route=\/wp\/v2\/users\/1"}],"replies":[{"embeddable":true,"href":"https:\/\/k4-gladbeck.de\/index.php?rest_route=%2Fwp%2Fv2%2Fcomments&post=1659"}],"version-history":[{"count":5,"href":"https:\/\/k4-gladbeck.de\/index.php?rest_route=\/wp\/v2\/pages\/1659\/revisions"}],"predecessor-version":[{"id":1677,"href":"https:\/\/k4-gladbeck.de\/index.php?rest_route=\/wp\/v2\/pages\/1659\/revisions\/1677"}],"wp:attachment":[{"href":"https:\/\/k4-gladbeck.de\/index.php?rest_route=%2Fwp%2Fv2%2Fmedia&parent=1659"}],"curies":[{"name":"wp","href":"https:\/\/api.w.org\/{rel}","templated":true}]}}

<p>Du möchtest dich im K4 ehrenatmlich engagieren? Das ist großartig! Melde dich gerne bei Hammad Alfares oder Mark Bothe. Du möchtest einen Bundesfreiwilligendienst oder ein freiwilliges soziales Jahr absolvieren? Dann bist du bei uns goldrichtig:</p>



<div class="wp-block-pdf-viewer-block-standard" style="text-align:left"><div class="uploaded-pdf"><a href="https://k4-gladbeck.de/wp-content/uploads/2025/01/Stellenausschreibung-BUFDI-K4.pdf" data-width="" data-height=""></a></div></div>



<p></p>

<p>Du möchtest dich im K4 ehrenatmlich engagieren? Das ist großartig! Melde dich gerne bei Hammad Alfares oder Mark Bothe. Du möchtest einen Bundesfreiwilligendienst oder ein freiwilliges soziales Jahr absolvieren? Dann bist du bei uns goldrichtig:</p>
